Let d be l(-11). Let o(w) = w**2 - 3*w - 2. Give o(d).
8
Let j(r) be the first derivative of r**4/4 - 4*r**3/3 + 2*r**2 - 3*r + 1. Let b(y) = y - 2. Let i be b(7). Let s be 4/(-10) - (-17)/i. What is j(s)?
0
Let w(x) = -x**2 + x + 12. Suppose -64*d + 56 - 56 = 0. Determine w(d).
12
Let y(c) = -c**3 + 11*c**2 + 12*c - 4. Suppose -411 + 1323 = 76*n. What is y(n)?
-4
Let k(f) = f**2 - f - 3. Let t = -5 - -11. Suppose -26 = -5*g - t. What is k(g)?
9
Let j(z) = -39 + 25 - 20 - 6*z - 23. Determine j(-11).
9
Let t(r) = -30*r + 14. Let p(g) = 16*g - 6. Let z(n) = -11*p(n) - 6*t(n). Determine z(5).
2
Let k(o) = -7*o + 8. Let j(p) = -13*p + 15. Suppose 0*x + 3 = -x - r, 0 = -x + 3*r - 15. Let t(v) = x*j(v) + 11*k(v). Give t(0).
-2
Let x(j) = 7*j**2 - 3*j + 17. Let c(z) = -2*z**2 + z - 6. Let i(q) = -17*c(q) - 6*x(q). Let k = 8 + -6. Suppose -k*h - 1 = -3*h. Determine i(h).
-7
Let x(f) = -f + 5. Suppose -p - 278 = p. Let t = p + 142. What is x(t)?
2
Suppose d + h = 0, 3*d - 13 = 3*h + 17. Suppose -2*i - 3*x + 1 = 0, i + 2*x - 8 = 3*x. Suppose 4*w - 12 = 8, d*f = -4*w - i. Let z(j) = -j - 9. Give z(f).
-4
Let p be (-5)/55*(-22)/12. Let k(a) be the second derivative of 0 - p*a**4 + 1/2*a**3 + a**2 - 1/10*a**5 - 10*a. Determine k(-2).
4
Suppose 4*a + 4*v + 13 = -15, 2*a = -5*v - 17. Let r(b) = -8*b - 3*b**2 - 9*b + 23*b + 12*b**3 - 13*b**3 - 2*b**2. Determine r(a).
0
Suppose 0 = -3*v - 445 + 463. Let m(l) = l**2 - 9*l + 5. Determine m(v).
-13
Let t(w) be the second derivative of 3*w**5/20 + w**4/12 - w**2 - 2*w - 30. What is t(1)?
2
Let a(q) = -3*q**3 - 3*q**2 - 2*q - 2. Let y be (-610)/(-70) - 2/(-7). Let r = y - 5. Suppose -3*u - 1 = 2*f, 2 = f + r*u - 0. Calculate a(f).
14
Suppose -i = -3*v + 12, 6 = 3*v + i - 0. Let b(l) be the third derivative of -l**4/12 + l**3/6 + 2*l**2 + 145. Calculate b(v).
-5
Let w(n) = -14 + 2*n + 4*n**2 + 3*n**3 + 0 - 8*n**2 + 7 + 9. Determine w(2).
14
Let r(f) = -f**3 + 9*f**2 - 18*f + 20. Let t be r(7). Let i(h) = -h**3 - 6*h**2 + 15*h - 2. What is i(t)?
6
Let x(c) = -2*c**2 + 2*c - 5. Suppose -5*z = -3*u + 21, u + 2*z - z = -1. Determine x(u).
-9
Let b(m) be the first derivative of m**4/6 - m**3/2 + 12*m + 7. Let y(z) be the first derivative of b(z). Calculate y(3).
9
Suppose 8 = -5*o - 17. Let c(u) = -4*u + 11. Let f(h) = 7*h - 23. Let v(d) = o*c(d) - 3*f(d). Give v(7).
7
Let p(m) = m**3 + 8*m**2 + 9*m + 4. Let b = -151 - -144. Determine p(b).
-10
Suppose 0 = -5*h - 3*p + 35, 2*h - 3*p - 11 = 3. Let j be (12/h)/(32/(-112)). Let u(t) = t**2 + 7*t - 1. What is u(j)?
-7
Let h(q) be the first derivative of 7*q**2/2 - 9*q + 126. What is h(6)?
33
Let c = 9 + -6. Suppose -3*b + 5 = -1, -c*q = 4*b - 11. Let m = q - -7. Let r(f) = f**3 - 7*f**2 - 9*f + 10. Give r(m).
2
Let z be (-12)/(-3) + 2*-1. Let o(h) = 1571*h**2 - 4*h**3 - 1573*h**2 + 3 + 3*h + 5*h**3 + 0*h - 6. Calculate o(z).
3
Let u = 706 - 699. Let j(l) = -l**3 + 8*l**2 - 9*l + 1. Give j(u).
-13
Let u(l) be the first derivative of l**4/4 - 2*l**3 - l**2 - 5*l - 45. Determine u(6).
-17
Let s(h) be the first derivative of h - 18. Let t(v) = 2*v - 10. Let n(u) = 5*s(u) + t(u). What is n(6)?
7
Suppose 35*f - 28*f = 14. Let h(x) = -2*x - 3 + 3 + 0. What is h(f)?
-4
Let y(u) = -u**2 + 5*u. Let c(h) = 4*h - 10. Suppose 2*l + 5*f - 7 = 4*f, -5*f = -4*l - 7. Suppose -2*p = -6 - l. Let b be c(p). Determine y(b).
-6
Let c = -32 + 46. Suppose 12*d = c*d + 12. Let y(q) = 9 + q + 1 - 3. Calculate y(d).
1
Suppose -16 = 4*h - 4*k, 2*h + 5*k - 4 = 9. Let r(l) = -9*l - 1. Determine r(h).
8
Let w(f) = 268 + 2*f - 268 - f + 4*f**2. Let q = -26 - -25. Calculate w(q).
3
Suppose 0 - 3 = 3*o, 0 = -4*n + 4*o. Let a(u) = -20*u**2 + 41*u**2 - 1 - 17*u**2 - u. Calculate a(n).
4
Let j be (19/57)/((-1)/6) + 3. Let n(p) = p**2 - 5*p + 4. Determine n(j).
0
Let o(a) = -2*a**3 + 3*a**2 + 5 + 8*a - 6 - 3*a. Let v(x) = x**3 - x**2 - x. Let n(u) = -o(u) - 4*v(u). Let i be (3/9 - (-3)/18)*2. Determine n(i).
-1
Let f be -1 - (-6 - 4/(-2)). Suppose -3*c = -3*z + 21, 5*z - c - 14 = -f*c. Let g(a) = -4*a + a + 0*a + 6. Calculate g(z).
-6
Let g = 1517 - 1520. Let q(h) = h**3 + 3*h**2 + 4*h + 4. Calculate q(g).
-8
Let f(h) = 3*h - 4. Let m = 118 + -110. Suppose -m*j + 0*j = -32. What is f(j)?
8
Let l(g) = -g**2 + 29*g - 121. Let i be l(24). Let h(k) be the second derivative of k**4/4 - k**3/6 - k**2/2 + k. Determine h(i).
3
Let u(m) = -2*m**2 + 14*m + 71. Let l(j) = -j**2 + 8*j + 37. Let v(z) = 11*l(z) - 6*u(z). Determine v(-7).
2
Suppose -2*f = -f. Let o(j) be the second derivative of -j**3/6 + 2*j**2 - 319*j. Calculate o(f).
4
Suppose 3*d - 20 = -4*z, 5*d - 5*z + 3*z + 10 = 0. Suppose b - 10 = -4*b. Let y(l) = 3*l**b + 4*l**2 + 1 - 2*l**2 + l - 4*l**2. Give y(d).
1
Let d = 10 + 4. Let y(x) = -x**2 + 15*x - 20. Let a be y(d). Let l(z) = -z**3 - 6*z**2 - z + 4. Give l(a).
10
Let w(v) = v**3 + 3*v**2 - 4*v - 1. Suppose 7*x + 27 + 1 = 0. Calculate w(x).
-1
Let p = -90 + 93. Let v(d) be the first derivative of -2/3*d**3 - p - d - d**2 - 2*d**4. Calculate v(-1).
7
Let y(s) be the second derivative of -s**5/20 - s**4/6 + 2*s**3/3 - 3*s**2/2 - 23*s - 6. Determine y(1).
-2
Suppose 3*h + 42 = -3*s, 5*h + 70 = 3*s + 40. Let i(z) = z**3 + 8*z**2 - 10*z - 9. Calculate i(h).
0
Let n be 6/3 - 4 - (-3 - -1). Let m(v) = v**3 + v**2 - v - 2. Calculate m(n).
-2
Let p(c) = -3*c - 6. Let q = 2 + -1. Let k(y) = 6*y + 1. Let j(n) = 5*n + 1. Let f(o) = -5*j(o) + 4*k(o). Let i(m) = q*p(m) - 4*f(m). Give i(4).
2
Let k = -786 - -786. Let p(f) = -f**3 + f**2 - f - 3. What is p(k)?
-3
Let n(g) = -6*g + 97. Let z be n(17). Let i(s) = -2*s - 13. Determine i(z).
-3
Let w = 206 + -210. Let d(g) = -g**3 - 3*g**2 + 3*g + 2. Calculate d(w).
6
Let x(s) = -s**3 - 8*s**2 - s + 4. Let d(b) = -2*b**3 - 15*b**2 + 9. Let j(r) = 3*d(r) - 5*x(r). Give j(-6).
13
Let w(m) = -m - 7. Let a = -101 + 96. Let l be -8 + (-9 - a - -4). Calculate w(l).
1
Let f be 7/(-6) - (-3)/18. Let x(w) = -8*w**3 + 4*w**2 + 2*w + 2. Let c(o) = -17*o**3 + 7*o**2 + 3*o + 3. Let a(j) = 3*c(j) - 5*x(j). Calculate a(f).
12
Let l(g) be the second derivative of g**5/20 - g**4/6 - g**3/3 + g**2 + 23*g. Suppose -4*w - 9 = -7*w. Let p = 6 - w. Calculate l(p).
5
Let j(u) = -7 - 2*u**2 + 4*u**2 - 4*u + u**3 + 2*u**2. Suppose 22 = -i - 3*i - s, 0 = -2*i - s - 12. Determine j(i).
-12
Let y be (-10)/(-35) + 26/7. Let z(m) = -8*m - 1. Let q(c) = 7*c + 1. Let f(h) = y*q(h) + 3*z(h). Let v = -1 - 1. Determine f(v).
-7
Let f(u) = -2*u**2 + 3. Let l(h) = 5*h**2 - h - 7. Let t(g) = 7*f(g) + 3*l(g). Suppose 2*i - i - 5*p + 6 = 0, 0 = -2*p + 4. Give t(i).
4
Let d(b) = b**2 - 6*b - 2. Let w be d(5). Let n = -2 - w. Suppose n*t = -19 + 4. Let l(a) = -4*a - 3. Calculate l(t).
9
Suppose 0 = n - 16 + 4. Suppose -n*z + 13*z = -8. Let y(u) = u**3 + 8*u**2 + 4. What is y(z)?
4
Let j(w) = -2 - 2*w + 10 + 19 + 8 - 7. Determine j(11).
6
Let t(w) = -49*w - 738. Let a be t(-15). Let i(p) = p**2 - 3*p - 13. Determine i(a).
5
Let h(p) = 3*p**3 - 2*p**2 + 4*p + 1. Let f(u) = -2*u**3 + u**2 - 2. Let i(l) = -2*f(l) - h(l). Calculate i(2).
3
Let u(x) = -x**3 + 4*x + 3. Let z be u(-2). Suppose -n + 7 = 3*h - 7, 4*n = z*h - 34. Let o(r) = -r**3 + 5*r**2 + 7*r - 5. Determine o(h).
1
Suppose g - 26 = -27. Let x(i) = -i**2 + i. Let y be (-6)/4*(-22)/33. Let o(m) = -8*m**2 + 4*m + 1. Let q(w) = y*o(w) - 4*x(w). Determine q(g).
-3
Let a(z) = z**2 - 9*z - 83. Let v be a(-6). Let h(c) = c**3 - 6*c**2 - 7*c - 8. What is h(v)?
-8
Let r(d) = d**3 - 5*d**2 + 4*d - 5. Let t = -303 - -308. Give r(t).
15
Let r(m) = 170*m - 1 - 169*m - 2. Determine r(-8).
-11
Let q(s) = -2*s - 2*s + 2 + 0*s. Let f(i) = 12*i - 2 + 8*i**2 + 4*i**3 - 3*i**3 - 11 - 14*i. Let t be f(-8). Calculate q(t).
-10
Let w(a) = 3 + 12 - 3 + a - 6. Suppose 4*x + 18 = x. What is w(x)?
0
Suppose 2*n = -o + 8, -8 = -5*o - 3*n + 4. Suppose l - p + o = -3, p = -3. Let s(f) = 2*f + 0*f**2 - 1 + f**2 + 4*f. Give s(l).
-1
Suppose 2*i + 3 = -3. Let h(o) be the third derivative of o**6/120 + o**5/20 + o**4/24 + 2*o**3/3 - 2*o**2 + 22. Determine h(i).
1
Let g be 9/((-10)/(-10)) + 0. Let z(s) be the third derivative of 0 - 1/60*s**5 + 1/24*s**4 + 1/60*s**6 + 1/6*s**3 + 0*s - g*s**2. Determine z(-1).
-3
Let k = -1226 - -1223. Let r(f) = f**3 + 3*f**2 + 4*f + 1. Calculate r(k).
-11